{"id":57,"date":"2018-07-18T12:12:13","date_gmt":"2018-07-18T10:12:13","guid":{"rendered":"http:\/\/tppw1918.wschowa.pl\/?page_id=57"},"modified":"2018-12-07T21:26:19","modified_gmt":"2018-12-07T20:26:19","slug":"powstanie-wielkopolskie-we-wschowie","status":"publish","type":"page","link":"http:\/\/tppw1918.wschowa.pl\/index.php\/powstanie-wielkopolskie-we-wschowie\/","title":{"rendered":"Powstanie Wielkopolskie we Wschowie"},"content":{"rendered":"<h4><u>Powstanie Wielkopolskie we Wschowie<\/u><\/h4>\n<h4><u>\u00a0<\/u><\/h4>\n<h4><u>XI\u00a0\u00a0\u00a0\u00a0\u00a0 \u00a0\u00a0<\/u>Mieszkaj\u0105cy we Wschowie\u00a0 Polacy rozpocz\u0119li przygotowania 1918\u00a0\u00a0 do wybuchu powstania. Liczono, \u017ce\u00a0 powiat wschowski\u00a0(podobnie jak ca\u0142a Wielkopolska) zostanie przy\u0142\u0105czona do\u00a0Odrodzonego pa\u0144stwa polskiego. Powo\u0142ano Rade Ludow\u0105, kt\u00f3rej pracami na terenie miasta kierowa\u0142 kupiec Jan METELSKI. Przewodnicz\u0105cym Rady na\u00a0Terenie ca\u0142ego powiatu by\u0142 proboszcz W\u0142oszakowic ksi\u0105dz\u00a0J\u00f3zef G\u00f3rny. Do grona najbli\u017cszych wsp\u00f3\u0142pracownik\u00f3w Jana\u00a0Metelskiego nale\u017celi: Anna Lasoci\u0144ska i Stanis\u0142aw Voelkel.\u00a0Prowadzono m. in. zapis ochotnik\u00f3w do powstania oraz zorganizowano zbi\u00f3rk\u0119 funduszy na cele\u00a0 narodowe.<\/h4>\n<h4><\/h4>\n<h4><u>12 XII <\/u>we Wschowie doby\u0142 si\u0119 patriotyczny wiec ludno\u015bci polskiej, 1918\u00a0\u00a0 manifestuj\u0105cej wol\u0119 przy\u0142\u0105czenia ziemi wschowskiej do odrodzenia pa\u0144stwa polskiego.<\/h4>\n<div id='gallery-1' class='gallery galleryid-57 gallery-columns-2 gallery-size-full'><figure class='gallery-item'>\n\t\t\t<div class='gallery-icon portrait'>\n\t\t\t\t<a href='http:\/\/tppw1918.wschowa.pl\/index.php\/powstanie-wielkopolskie-we-wschowie\/1395288_632552010129987_284117412_n\/'><img loading=\"lazy\" decoding=\"async\" width=\"571\" height=\"709\" src=\"http:\/\/tppw1918.wschowa.pl\/wp-content\/uploads\/2018\/07\/1395288_632552010129987_284117412_n.jpg\" class=\"attachment-full size-full\" alt=\"\" srcset=\"http:\/\/tppw1918.wschowa.pl\/wp-content\/uploads\/2018\/07\/1395288_632552010129987_284117412_n.jpg 571w, http:\/\/tppw1918.wschowa.pl\/wp-content\/uploads\/2018\/07\/1395288_632552010129987_284117412_n-242x300.jpg 242w\" sizes=\"auto, (max-width: 571px) 100vw, 571px\" \/><\/a>\n\t\t\t<\/div><\/figure><figure class='gallery-item'>\n\t\t\t<div class='gallery-icon landscape'>\n\t\t\t\t<a href='http:\/\/tppw1918.wschowa.pl\/index.php\/powstanie-wielkopolskie-we-wschowie\/18199531_1464105580307955_5000969627947233893_n\/'><img loading=\"lazy\" decoding=\"async\" width=\"960\" height=\"631\" src=\"http:\/\/tppw1918.wschowa.pl\/wp-content\/uploads\/2018\/07\/18199531_1464105580307955_5000969627947233893_n.jpg\" class=\"attachment-full size-full\" alt=\"\" srcset=\"http:\/\/tppw1918.wschowa.pl\/wp-content\/uploads\/2018\/07\/18199531_1464105580307955_5000969627947233893_n.jpg 960w, http:\/\/tppw1918.wschowa.pl\/wp-content\/uploads\/2018\/07\/18199531_1464105580307955_5000969627947233893_n-300x197.jpg 300w, http:\/\/tppw1918.wschowa.pl\/wp-content\/uploads\/2018\/07\/18199531_1464105580307955_5000969627947233893_n-768x505.jpg 768w, http:\/\/tppw1918.wschowa.pl\/wp-content\/uploads\/2018\/07\/18199531_1464105580307955_5000969627947233893_n-456x300.jpg 456w\" sizes=\"auto, (max-width: 960px) 100vw, 960px\" \/><\/a>\n\t\t\t<\/div><\/figure>\n\t\t<\/div>\n\n<h4><u>07 I\u00a0\u00a0\u00a0\u00a0 <\/u>Niemcy przeprowadzili masowe aresztowania Polak\u00f3w we<\/h4>\n<h4>\u00a01919\u00a0 Wschowie, w tym tak\u017ce kobiet. W\u015br\u00f3d aresztowanych znajdowali si\u0119 m.in. Jan Menelski i Anna Lasoci\u0144ska. Po kr\u00f3tkim pobycie w wi\u0119zieniu z G\u0142ogowie, internowanych Polak\u00f3w przewieziono do obozu w Grunthalle pod \u017bagania. Wschowianie zostali zwolnieni po kilku miesi\u0105cach. Cz\u0119\u015b\u0107 z nich zamieszka\u0142a w Lesznie, kt\u00f3re znalaz\u0142o si\u0119 w granicach Polski.<\/h4>\n<h4><strong>RZ 1.03.2016 r.<\/strong><\/h4>\n<div id='gallery-2' class='gallery galleryid-57 gallery-columns-3 gallery-size-full'><figure class='gallery-item'>\n\t\t\t<div class='gallery-icon portrait'>\n\t\t\t\t<a href='http:\/\/tppw1918.wschowa.pl\/wp-content\/uploads\/2018\/07\/P1140869.jpg'><img loading=\"lazy\" decoding=\"async\" width=\"768\" height=\"1024\" src=\"http:\/\/tppw1918.wschowa.pl\/wp-content\/uploads\/2018\/07\/P1140869.jpg\" class=\"attachment-full size-full\" alt=\"\" srcset=\"http:\/\/tppw1918.wschowa.pl\/wp-content\/uploads\/2018\/07\/P1140869.jpg 768w, http:\/\/tppw1918.wschowa.pl\/wp-content\/uploads\/2018\/07\/P1140869-225x300.jpg 225w\" sizes=\"auto, (max-width: 768px) 100vw, 768px\" \/><\/a>\n\t\t\t<\/div><\/figure><figure class='gallery-item'>\n\t\t\t<div class='gallery-icon portrait'>\n\t\t\t\t<a href='http:\/\/tppw1918.wschowa.pl\/wp-content\/uploads\/2018\/07\/2.jpg'><img loading=\"lazy\" decoding=\"async\" width=\"768\" height=\"1024\" src=\"http:\/\/tppw1918.wschowa.pl\/wp-content\/uploads\/2018\/07\/2.jpg\" class=\"attachment-full size-full\" alt=\"\" srcset=\"http:\/\/tppw1918.wschowa.pl\/wp-content\/uploads\/2018\/07\/2.jpg 768w, http:\/\/tppw1918.wschowa.pl\/wp-content\/uploads\/2018\/07\/2-225x300.jpg 225w\" sizes=\"auto, (max-width: 768px) 100vw, 768px\" \/><\/a>\n\t\t\t<\/div><\/figure><figure class='gallery-item'>\n\t\t\t<div class='gallery-icon landscape'>\n\t\t\t\t<a href='http:\/\/tppw1918.wschowa.pl\/wp-content\/uploads\/2018\/07\/1.jpg'><img loading=\"lazy\" decoding=\"async\" width=\"1024\" height=\"768\" src=\"http:\/\/tppw1918.wschowa.pl\/wp-content\/uploads\/2018\/07\/1.jpg\" class=\"attachment-full size-full\" alt=\"\" srcset=\"http:\/\/tppw1918.wschowa.pl\/wp-content\/uploads\/2018\/07\/1.jpg 1024w, http:\/\/tppw1918.wschowa.pl\/wp-content\/uploads\/2018\/07\/1-300x225.jpg 300w, http:\/\/tppw1918.wschowa.pl\/wp-content\/uploads\/2018\/07\/1-768x576.jpg 768w, http:\/\/tppw1918.wschowa.pl\/wp-content\/uploads\/2018\/07\/1-400x300.jpg 400w\" sizes=\"auto, (max-width: 1024px) 100vw, 1024px\" \/><\/a>\n\t\t\t<\/div><\/figure><figure class='gallery-item'>\n\t\t\t<div class='gallery-icon landscape'>\n\t\t\t\t<a href='http:\/\/tppw1918.wschowa.pl\/wp-content\/uploads\/2018\/07\/11-11.jpg'><img loading=\"lazy\" decoding=\"async\" width=\"800\" height=\"533\" src=\"http:\/\/tppw1918.wschowa.pl\/wp-content\/uploads\/2018\/07\/11-11.jpg\" class=\"attachment-full size-full\" alt=\"\" srcset=\"http:\/\/tppw1918.wschowa.pl\/wp-content\/uploads\/2018\/07\/11-11.jpg 800w, http:\/\/tppw1918.wschowa.pl\/wp-content\/uploads\/2018\/07\/11-11-300x200.jpg 300w, http:\/\/tppw1918.wschowa.pl\/wp-content\/uploads\/2018\/07\/11-11-768x512.jpg 768w, http:\/\/tppw1918.wschowa.pl\/wp-content\/uploads\/2018\/07\/11-11-450x300.jpg 450w\" sizes=\"auto, (max-width: 800px) 100vw, 800px\" \/><\/a>\n\t\t\t<\/div><\/figure><figure class='gallery-item'>\n\t\t\t<div class='gallery-icon landscape'>\n\t\t\t\t<a href='http:\/\/tppw1918.wschowa.pl\/wp-content\/uploads\/2018\/07\/3.jpg'><img loading=\"lazy\" decoding=\"async\" width=\"1024\" height=\"768\" src=\"http:\/\/tppw1918.wschowa.pl\/wp-content\/uploads\/2018\/07\/3.jpg\" class=\"attachment-full size-full\" alt=\"\" srcset=\"http:\/\/tppw1918.wschowa.pl\/wp-content\/uploads\/2018\/07\/3.jpg 1024w, http:\/\/tppw1918.wschowa.pl\/wp-content\/uploads\/2018\/07\/3-300x225.jpg 300w, http:\/\/tppw1918.wschowa.pl\/wp-content\/uploads\/2018\/07\/3-768x576.jpg 768w, http:\/\/tppw1918.wschowa.pl\/wp-content\/uploads\/2018\/07\/3-400x300.jpg 400w\" sizes=\"auto, (max-width: 1024px) 100vw, 1024px\" \/><\/a>\n\t\t\t<\/div><\/figure>\n\t\t<\/div>\n\n","protected":false},"excerpt":{"rendered":"<p>Powstanie Wielkopolskie we Wschowie \u00a0 XI\u00a0\u00a0\u00a0\u00a0\u00a0 \u00a0\u00a0Mieszkaj\u0105cy we Wschowie\u00a0 Polacy rozpocz\u0119li przygotowania 1918\u00a0\u00a0 do wybuchu powstania. Liczono, \u017ce\u00a0 powiat wschowski\u00a0(podobnie jak ca\u0142a Wielkopolska) zostanie przy\u0142\u0105czona do\u00a0Odrodzonego pa\u0144stwa polskiego. Powo\u0142ano Rade Ludow\u0105, kt\u00f3rej pracami na terenie miasta kierowa\u0142 kupiec Jan METELSKI. Przewodnicz\u0105cym Rady na\u00a0Terenie ca\u0142ego powiatu by\u0142 proboszcz W\u0142oszakowic ksi\u0105dz\u00a0J\u00f3zef G\u00f3rny. &hellip;<\/p>\n","protected":false},"author":1,"featured_media":58,"parent":0,"menu_order":0,"comment_status":"closed","ping_status":"closed","template":"","meta":{"om_disable_all_campaigns":false,"_monsterinsights_skip_tracking":false,"_monsterinsights_sitenote_active":false,"_monsterinsights_sitenote_note":"","_monsterinsights_sitenote_category":0,"footnotes":""},"class_list":["post-57","page","type-page","status-publish","has-post-thumbnail","hentry"],"aioseo_notices":[],"_links":{"self":[{"href":"http:\/\/tppw1918.wschowa.pl\/index.php\/wp-json\/wp\/v2\/pages\/57","targetHints":{"allow":["GET"]}}],"collection":[{"href":"http:\/\/tppw1918.wschowa.pl\/index.php\/wp-json\/wp\/v2\/pages"}],"about":[{"href":"http:\/\/tppw1918.wschowa.pl\/index.php\/wp-json\/wp\/v2\/types\/page"}],"author":[{"embeddable":true,"href":"http:\/\/tppw1918.wschowa.pl\/index.php\/wp-json\/wp\/v2\/users\/1"}],"replies":[{"embeddable":true,"href":"http:\/\/tppw1918.wschowa.pl\/index.php\/wp-json\/wp\/v2\/comments?post=57"}],"version-history":[{"count":3,"href":"http:\/\/tppw1918.wschowa.pl\/index.php\/wp-json\/wp\/v2\/pages\/57\/revisions"}],"predecessor-version":[{"id":322,"href":"http:\/\/tppw1918.wschowa.pl\/index.php\/wp-json\/wp\/v2\/pages\/57\/revisions\/322"}],"wp:featuredmedia":[{"embeddable":true,"href":"http:\/\/tppw1918.wschowa.pl\/index.php\/wp-json\/wp\/v2\/media\/58"}],"wp:attachment":[{"href":"http:\/\/tppw1918.wschowa.pl\/index.php\/wp-json\/wp\/v2\/media?parent=57"}],"curies":[{"name":"wp","href":"https:\/\/api.w.org\/{rel}","templated":true}]}}